{"id":18,"date":"2025-11-11T10:10:01","date_gmt":"2025-11-11T13:10:01","guid":{"rendered":"http:\/\/decoformasestilo.cl.portalesdenegocios.com\/?page_id=18"},"modified":"2026-01-08T09:29:32","modified_gmt":"2026-01-08T12:29:32","slug":"decoformas-estilo","status":"publish","type":"page","link":"https:\/\/www.decoformasestilo.cl\/index.php\/decoformas-estilo\/","title":{"rendered":"Decoformas Estilo"},"content":{"rendered":"\n[et_pb_section fb_built=\u00bb1&#8243; _builder_version=\u00bb4.27.4&#8243; _module_preset=\u00bbdefault\u00bb background_image=\u00bbhttps:\/\/www.decoformasestilo.cl\/wp-content\/uploads\/2025\/11\/header-decoformastilo.jpg\u00bb hover_enabled=\u00bb0&#8243; global_colors_info=\u00bb{}\u00bb title_text=\u00bbheader-decoformastilo\u00bb sticky_enabled=\u00bb0&#8243;][et_pb_row _builder_version=\u00bb4.27.4&#8243; _module_preset=\u00bbdefault\u00bb global_colors_info=\u00bb{}\u00bb][et_pb_column type=\u00bb4_4&#8243; _builder_version=\u00bb4.27.4&#8243; _module_preset=\u00bbdefault\u00bb global_colors_info=\u00bb{}\u00bb][et_pb_text _builder_version=\u00bb4.27.4&#8243; _module_preset=\u00bbdefault\u00bb header_font=\u00bbNunito Sans|700||on|||||\u00bb header_text_color=\u00bb#FFFFFF\u00bb header_font_size=\u00bb36px\u00bb header_line_height=\u00bb1.4em\u00bb custom_margin=\u00bb||-3px|||\u00bb global_colors_info=\u00bb{}\u00bb]<h1>Qui\u00e9nes Somos<\/h1>[\/et_pb_text][et_pb_text _builder_version=\u00bb4.27.4&#8243; _module_preset=\u00bbdefault\u00bb text_font=\u00bbNunito Sans||||||||\u00bb text_text_color=\u00bb#FFFFFF\u00bb text_font_size=\u00bb17px\u00bb link_text_color=\u00bb#FFFFFF\u00bb global_colors_info=\u00bb{}\u00bb]<p><a href=\"https:\/\/www.decoformasestilo.cl\/\"><strong>Inicio<\/strong> <\/a>\/ Qui\u00e9nes Somos<\/p>[\/et_pb_text][\/et_pb_column][\/et_pb_row][\/et_pb_section][et_pb_section fb_built=\u00bb1&#8243; _builder_version=\u00bb4.27.4&#8243; _module_preset=\u00bbdefault\u00bb global_colors_info=\u00bb{}\u00bb][et_pb_row column_structure=\u00bb3_5,2_5&#8243; _builder_version=\u00bb4.27.4&#8243; _module_preset=\u00bbdefault\u00bb global_colors_info=\u00bb{}\u00bb][et_pb_column type=\u00bb3_5&#8243; _builder_version=\u00bb4.27.4&#8243; _module_preset=\u00bbdefault\u00bb global_colors_info=\u00bb{}\u00bb][et_pb_text _builder_version=\u00bb4.27.4&#8243; _module_preset=\u00bbdefault\u00bb header_font=\u00bbNunito Sans|||on|||||\u00bb header_text_color=\u00bb#000000&#8243; header_font_size=\u00bb32px\u00bb custom_margin=\u00bb||13px|||\u00bb global_colors_info=\u00bb{}\u00bb]<h1>Somos <strong>DECOFORMAS ESTILO<\/strong><\/h1>[\/et_pb_text][et_pb_text _builder_version=\u00bb4.27.4&#8243; _module_preset=\u00bbdefault\u00bb text_font=\u00bbNunito Sans|300|||||||\u00bb text_font_size=\u00bb16px\u00bb global_colors_info=\u00bb{}\u00bb]<p>Dise\u00f1amos y fabricamos muebles de l\u00ednea plana personalizados que se adaptan a tus espacios, estilo y necesidades. Optimizamos cada rinc\u00f3n con dise\u00f1os funcionales, elegantes y hechos a medida.<\/p>[\/et_pb_text][et_pb_blurb title=\u00bbNuestro equipo de dise\u00f1adores y maestros mueblistas trabaja contigo en cada etapa del proceso, desde la planificaci\u00f3n hasta la instalaci\u00f3n final, asegurando espacios optimizados y est\u00e9ticamente arm\u00f3nicos.\u00bb image=\u00bbhttps:\/\/www.decoformasestilo.cl\/wp-content\/uploads\/2025\/11\/team-building.png\u00bb icon_alignment=\u00bbleft\u00bb content_max_width=\u00bb977px\u00bb _builder_version=\u00bb4.27.4&#8243; _module_preset=\u00bbdefault\u00bb header_level=\u00bbh2&#8243; header_font=\u00bbNunito Sans|300|||||||\u00bb header_font_size=\u00bb21px\u00bb header_line_height=\u00bb1.3em\u00bb custom_margin=\u00bb||12px|||\u00bb global_colors_info=\u00bb{}\u00bb][\/et_pb_blurb][et_pb_text _builder_version=\u00bb4.27.4&#8243; _module_preset=\u00bbdefault\u00bb text_font=\u00bbNunito Sans|300|||||||\u00bb text_text_color=\u00bb#FFFFFF\u00bb background_color=\u00bb#77b1b9&#8243; custom_padding=\u00bb8px|12px|8px|12px|true|true\u00bb global_colors_info=\u00bb{}\u00bb]<p>Ya sea que busques closets, muebles para cocina, ba\u00f1o, dormitorio, escritorios, muebles modulares o mobiliario corporativo, en DECOFORMAS ESTILO, transformamos tus ideas en piezas exclusivas hechas a tu medida.<\/p>[\/et_pb_text][\/et_pb_column][et_pb_column type=\u00bb2_5&#8243; _builder_version=\u00bb4.27.4&#8243; _module_preset=\u00bbdefault\u00bb global_colors_info=\u00bb{}\u00bb][et_pb_video src=\u00bbhttps:\/\/www.decoformasestilo.cl\/wp-content\/uploads\/2025\/11\/Timeline-1.mov\u00bb _builder_version=\u00bb4.27.4&#8243; _module_preset=\u00bbdefault\u00bb global_colors_info=\u00bb{}\u00bb][\/et_pb_video][\/et_pb_column][\/et_pb_row][\/et_pb_section]\n","protected":false},"excerpt":{"rendered":"<p>Qui\u00e9nes SomosInicio \/ Qui\u00e9nes SomosSomos DECOFORMAS ESTILODise\u00f1amos y fabricamos muebles de l\u00ednea plana personalizados que se adaptan a tus espacios, estilo y necesidades. Optimizamos cada rinc\u00f3n con dise\u00f1os funcionales, elegantes y hechos a medida.Ya sea que busques closets, muebles para cocina, ba\u00f1o, dormitorio, escritorios, muebles modulares o mobiliario corporativo, en DECOFORMAS ESTILO, transformamos tus ideas [&hellip;]<\/p>\n","protected":false},"author":1,"featured_media":0,"parent":0,"menu_order":0,"comment_status":"closed","ping_status":"closed","template":"","meta":{"_et_pb_use_builder":"on","_et_pb_old_content":"<!-- wp:divi\/placeholder \/-->","_et_gb_content_width":"","footnotes":""},"class_list":["post-18","page","type-page","status-publish","hentry"],"yoast_head":"<!-- This site is optimized with the Yoast SEO plugin v26.4 - https:\/\/yoast.com\/wordpress\/plugins\/seo\/ -->\n<title>Muebles de l\u00ednea plana - Deco Formas<\/title>\n<meta name=\"description\" content=\"Deco Formas, Dise\u00f1amos y fabricamos muebles de l\u00ednea plana personalizados, closets, muebles cocina, ba\u00f1o, dormitorio, escritorio, modulares o corporativo\" \/>\n<meta name=\"robots\" content=\"index, follow, max-snippet:-1, max-image-preview:large, max-video-preview:-1\" \/>\n<link rel=\"canonical\" href=\"https:\/\/www.decoformasestilo.cl\/index.php\/decoformas-estilo\/\" \/>\n<meta property=\"og:locale\" content=\"es_ES\" \/>\n<meta property=\"og:type\" content=\"article\" \/>\n<meta property=\"og:title\" content=\"Muebles de l\u00ednea plana - Deco Formas\" \/>\n<meta property=\"og:description\" content=\"Deco Formas, Dise\u00f1amos y fabricamos muebles de l\u00ednea plana personalizados, closets, muebles cocina, ba\u00f1o, dormitorio, escritorio, modulares o corporativo\" \/>\n<meta property=\"og:url\" content=\"https:\/\/www.decoformasestilo.cl\/index.php\/decoformas-estilo\/\" \/>\n<meta property=\"og:site_name\" content=\"decoformasestilocl\" \/>\n<meta property=\"article:modified_time\" content=\"2026-01-08T12:29:32+00:00\" \/>\n<meta name=\"twitter:card\" content=\"summary_large_image\" \/>\n<meta name=\"twitter:label1\" content=\"Tiempo de lectura\" \/>\n\t<meta name=\"twitter:data1\" content=\"1 minuto\" \/>\n<script type=\"application\/ld+json\" class=\"yoast-schema-graph\">{\"@context\":\"https:\/\/schema.org\",\"@graph\":[{\"@type\":\"WebPage\",\"@id\":\"https:\/\/www.decoformasestilo.cl\/index.php\/decoformas-estilo\/\",\"url\":\"https:\/\/www.decoformasestilo.cl\/index.php\/decoformas-estilo\/\",\"name\":\"Muebles de l\u00ednea plana - Deco Formas\",\"isPartOf\":{\"@id\":\"https:\/\/www.decoformasestilo.cl\/#website\"},\"datePublished\":\"2025-11-11T13:10:01+00:00\",\"dateModified\":\"2026-01-08T12:29:32+00:00\",\"description\":\"Deco Formas, Dise\u00f1amos y fabricamos muebles de l\u00ednea plana personalizados, closets, muebles cocina, ba\u00f1o, dormitorio, escritorio, modulares o corporativo\",\"breadcrumb\":{\"@id\":\"https:\/\/www.decoformasestilo.cl\/index.php\/decoformas-estilo\/#breadcrumb\"},\"inLanguage\":\"es\",\"potentialAction\":[{\"@type\":\"ReadAction\",\"target\":[\"https:\/\/www.decoformasestilo.cl\/index.php\/decoformas-estilo\/\"]}]},{\"@type\":\"BreadcrumbList\",\"@id\":\"https:\/\/www.decoformasestilo.cl\/index.php\/decoformas-estilo\/#breadcrumb\",\"itemListElement\":[{\"@type\":\"ListItem\",\"position\":1,\"name\":\"Portada\",\"item\":\"https:\/\/www.decoformasestilo.cl\/\"},{\"@type\":\"ListItem\",\"position\":2,\"name\":\"Decoformas Estilo\"}]},{\"@type\":\"WebSite\",\"@id\":\"https:\/\/www.decoformasestilo.cl\/#website\",\"url\":\"https:\/\/www.decoformasestilo.cl\/\",\"name\":\"decoformasestilocl\",\"description\":\"\",\"potentialAction\":[{\"@type\":\"SearchAction\",\"target\":{\"@type\":\"EntryPoint\",\"urlTemplate\":\"https:\/\/www.decoformasestilo.cl\/?s={search_term_string}\"},\"query-input\":{\"@type\":\"PropertyValueSpecification\",\"valueRequired\":true,\"valueName\":\"search_term_string\"}}],\"inLanguage\":\"es\"}]}<\/script>\n<!-- \/ Yoast SEO plugin. -->","yoast_head_json":{"title":"Muebles de l\u00ednea plana - Deco Formas","description":"Deco Formas, Dise\u00f1amos y fabricamos muebles de l\u00ednea plana personalizados, closets, muebles cocina, ba\u00f1o, dormitorio, escritorio, modulares o corporativo","robots":{"index":"index","follow":"follow","max-snippet":"max-snippet:-1","max-image-preview":"max-image-preview:large","max-video-preview":"max-video-preview:-1"},"canonical":"https:\/\/www.decoformasestilo.cl\/index.php\/decoformas-estilo\/","og_locale":"es_ES","og_type":"article","og_title":"Muebles de l\u00ednea plana - Deco Formas","og_description":"Deco Formas, Dise\u00f1amos y fabricamos muebles de l\u00ednea plana personalizados, closets, muebles cocina, ba\u00f1o, dormitorio, escritorio, modulares o corporativo","og_url":"https:\/\/www.decoformasestilo.cl\/index.php\/decoformas-estilo\/","og_site_name":"decoformasestilocl","article_modified_time":"2026-01-08T12:29:32+00:00","twitter_card":"summary_large_image","twitter_misc":{"Tiempo de lectura":"1 minuto"},"schema":{"@context":"https:\/\/schema.org","@graph":[{"@type":"WebPage","@id":"https:\/\/www.decoformasestilo.cl\/index.php\/decoformas-estilo\/","url":"https:\/\/www.decoformasestilo.cl\/index.php\/decoformas-estilo\/","name":"Muebles de l\u00ednea plana - Deco Formas","isPartOf":{"@id":"https:\/\/www.decoformasestilo.cl\/#website"},"datePublished":"2025-11-11T13:10:01+00:00","dateModified":"2026-01-08T12:29:32+00:00","description":"Deco Formas, Dise\u00f1amos y fabricamos muebles de l\u00ednea plana personalizados, closets, muebles cocina, ba\u00f1o, dormitorio, escritorio, modulares o corporativo","breadcrumb":{"@id":"https:\/\/www.decoformasestilo.cl\/index.php\/decoformas-estilo\/#breadcrumb"},"inLanguage":"es","potentialAction":[{"@type":"ReadAction","target":["https:\/\/www.decoformasestilo.cl\/index.php\/decoformas-estilo\/"]}]},{"@type":"BreadcrumbList","@id":"https:\/\/www.decoformasestilo.cl\/index.php\/decoformas-estilo\/#breadcrumb","itemListElement":[{"@type":"ListItem","position":1,"name":"Portada","item":"https:\/\/www.decoformasestilo.cl\/"},{"@type":"ListItem","position":2,"name":"Decoformas Estilo"}]},{"@type":"WebSite","@id":"https:\/\/www.decoformasestilo.cl\/#website","url":"https:\/\/www.decoformasestilo.cl\/","name":"decoformasestilocl","description":"","potentialAction":[{"@type":"SearchAction","target":{"@type":"EntryPoint","urlTemplate":"https:\/\/www.decoformasestilo.cl\/?s={search_term_string}"},"query-input":{"@type":"PropertyValueSpecification","valueRequired":true,"valueName":"search_term_string"}}],"inLanguage":"es"}]}},"_links":{"self":[{"href":"https:\/\/www.decoformasestilo.cl\/index.php\/wp-json\/wp\/v2\/pages\/18","targetHints":{"allow":["GET"]}}],"collection":[{"href":"https:\/\/www.decoformasestilo.cl\/index.php\/wp-json\/wp\/v2\/pages"}],"about":[{"href":"https:\/\/www.decoformasestilo.cl\/index.php\/wp-json\/wp\/v2\/types\/page"}],"author":[{"embeddable":true,"href":"https:\/\/www.decoformasestilo.cl\/index.php\/wp-json\/wp\/v2\/users\/1"}],"replies":[{"embeddable":true,"href":"https:\/\/www.decoformasestilo.cl\/index.php\/wp-json\/wp\/v2\/comments?post=18"}],"version-history":[{"count":7,"href":"https:\/\/www.decoformasestilo.cl\/index.php\/wp-json\/wp\/v2\/pages\/18\/revisions"}],"predecessor-version":[{"id":339,"href":"https:\/\/www.decoformasestilo.cl\/index.php\/wp-json\/wp\/v2\/pages\/18\/revisions\/339"}],"wp:attachment":[{"href":"https:\/\/www.decoformasestilo.cl\/index.php\/wp-json\/wp\/v2\/media?parent=18"}],"curies":[{"name":"wp","href":"https:\/\/api.w.org\/{rel}","templated":true}]}}

[et_pb_section fb_built=»1&#8243; _builder_version=»4.27.4&#8243; _module_preset=»default» background_image=»https://www.decoformasestilo.cl/wp-content/uploads/2025/11/header-decoformastilo.jpg» hover_enabled=»0&#8243; global_colors_info=»{}» title_text=»header-decoformastilo» sticky_enabled=»0&#8243;][et_pb_row _builder_version=»4.27.4&#8243; _module_preset=»default» global_colors_info=»{}»][et_pb_column type=»4_4&#8243; _builder_version=»4.27.4&#8243; _module_preset=»default» global_colors_info=»{}»][et_pb_text _builder_version=»4.27.4&#8243; _module_preset=»default» header_font=»Nunito Sans|700||on|||||» header_text_color=»#FFFFFF» header_font_size=»36px» header_line_height=»1.4em» custom_margin=»||-3px|||» global_colors_info=»{}»]<h1>Quiénes Somos</h1>[/et_pb_text][et_pb_text _builder_version=»4.27.4&#8243; _module_preset=»default» text_font=»Nunito Sans||||||||» text_text_color=»#FFFFFF» text_font_size=»17px» link_text_color=»#FFFFFF» global_colors_info=»{}»]<p><a href="https://www.decoformasestilo.cl/"><strong>Inicio</strong> </a>/ Quiénes Somos</p>[/et_pb_text][/et_pb_column][/et_pb_row][/et_pb_section][et_pb_section fb_built=»1&#8243; _builder_version=»4.27.4&#8243; _module_preset=»default» global_colors_info=»{}»][et_pb_row column_structure=»3_5,2_5&#8243; _builder_version=»4.27.4&#8243; _module_preset=»default» global_colors_info=»{}»][et_pb_column type=»3_5&#8243; _builder_version=»4.27.4&#8243; _module_preset=»default» global_colors_info=»{}»][et_pb_text _builder_version=»4.27.4&#8243; _module_preset=»default» header_font=»Nunito Sans|||on|||||» header_text_color=»#000000&#8243; header_font_size=»32px» custom_margin=»||13px|||» global_colors_info=»{}»]<h1>Somos <strong>DECOFORMAS ESTILO</strong></h1>[/et_pb_text][et_pb_text _builder_version=»4.27.4&#8243; _module_preset=»default» text_font=»Nunito Sans|300|||||||» text_font_size=»16px» global_colors_info=»{}»]<p>Diseñamos y fabricamos muebles de línea plana personalizados que se adaptan a tus espacios, estilo y necesidades. Optimizamos cada rincón con diseños funcionales, elegantes y hechos a medida.</p>[/et_pb_text][et_pb_blurb title=»Nuestro equipo de diseñadores y maestros mueblistas trabaja contigo en cada etapa del proceso, desde la planificación hasta la instalación final, asegurando espacios optimizados y estéticamente armónicos.» image=»https://www.decoformasestilo.cl/wp-content/uploads/2025/11/team-building.png» icon_alignment=»left» content_max_width=»977px» _builder_version=»4.27.4&#8243; _module_preset=»default» header_level=»h2&#8243; header_font=»Nunito Sans|300|||||||» header_font_size=»21px» header_line_height=»1.3em» custom_margin=»||12px|||» global_colors_info=»{}»][/et_pb_blurb][et_pb_text _builder_version=»4.27.4&#8243; _module_preset=»default» text_font=»Nunito Sans|300|||||||» text_text_color=»#FFFFFF» background_color=»#77b1b9&#8243; custom_padding=»8px|12px|8px|12px|true|true» global_colors_info=»{}»]<p>Ya sea que busques closets, muebles para cocina, baño, dormitorio, escritorios, muebles modulares o mobiliario corporativo, en DECOFORMAS ESTILO, transformamos tus ideas en piezas exclusivas hechas a tu medida.</p>[/et_pb_text][/et_pb_column][et_pb_column type=»2_5&#8243; _builder_version=»4.27.4&#8243; _module_preset=»default» global_colors_info=»{}»][et_pb_video src=»https://www.decoformasestilo.cl/wp-content/uploads/2025/11/Timeline-1.mov» _builder_version=»4.27.4&#8243; _module_preset=»default» global_colors_info=»{}»][/et_pb_video][/et_pb_column][/et_pb_row][/et_pb_section]

<p>Quiénes SomosInicio / Quiénes SomosSomos DECOFORMAS ESTILODiseñamos y fabricamos muebles de línea plana personalizados que se adaptan a tus espacios, estilo y necesidades. Optimizamos cada rincón con diseños funcionales, elegantes y hechos a medida.Ya sea que busques closets, muebles para cocina, baño, dormitorio, escritorios, muebles modulares o mobiliario corporativo, en DECOFORMAS ESTILO, transformamos tus ideas [&hellip;]</p>

<!-- This site is optimized with the Yoast SEO plugin v26.4 - https://yoast.com/wordpress/plugins/seo/ -->
<title>Muebles de línea plana - Deco Formas</title>
<meta name="description" content="Deco Formas, Diseñamos y fabricamos muebles de línea plana personalizados, closets, muebles cocina, baño, dormitorio, escritorio, modulares o corporativo" />
<meta name="robots" content="index, follow, max-snippet:-1, max-image-preview:large, max-video-preview:-1" />
<link rel="canonical" href="https://www.decoformasestilo.cl/index.php/decoformas-estilo/" />
<meta property="og:locale" content="es_ES" />
<meta property="og:type" content="article" />
<meta property="og:title" content="Muebles de línea plana - Deco Formas" />
<meta property="og:description" content="Deco Formas, Diseñamos y fabricamos muebles de línea plana personalizados, closets, muebles cocina, baño, dormitorio, escritorio, modulares o corporativo" />
<meta property="og:url" content="https://www.decoformasestilo.cl/index.php/decoformas-estilo/" />
<meta property="og:site_name" content="decoformasestilocl" />
<meta property="article:modified_time" content="2026-01-08T12:29:32+00:00" />
<meta name="twitter:card" content="summary_large_image" />
<meta name="twitter:label1" content="Tiempo de lectura" />
	<meta name="twitter:data1" content="1 minuto" />
<script type="application/ld+json" class="yoast-schema-graph">{"@context":"https://schema.org","@graph":[{"@type":"WebPage","@id":"https://www.decoformasestilo.cl/index.php/decoformas-estilo/","url":"https://www.decoformasestilo.cl/index.php/decoformas-estilo/","name":"Muebles de línea plana - Deco Formas","isPartOf":{"@id":"https://www.decoformasestilo.cl/#website"},"datePublished":"2025-11-11T13:10:01+00:00","dateModified":"2026-01-08T12:29:32+00:00","description":"Deco Formas, Diseñamos y fabricamos muebles de línea plana personalizados, closets, muebles cocina, baño, dormitorio, escritorio, modulares o corporativo","breadcrumb":{"@id":"https://www.decoformasestilo.cl/index.php/decoformas-estilo/#breadcrumb"},"inLanguage":"es","potentialAction":[{"@type":"ReadAction","target":["https://www.decoformasestilo.cl/index.php/decoformas-estilo/"]}]},{"@type":"BreadcrumbList","@id":"https://www.decoformasestilo.cl/index.php/decoformas-estilo/#breadcrumb","itemListElement":[{"@type":"ListItem","position":1,"name":"Portada","item":"https://www.decoformasestilo.cl/"},{"@type":"ListItem","position":2,"name":"Decoformas Estilo"}]},{"@type":"WebSite","@id":"https://www.decoformasestilo.cl/#website","url":"https://www.decoformasestilo.cl/","name":"decoformasestilocl","description":"","potentialAction":[{"@type":"SearchAction","target":{"@type":"EntryPoint","urlTemplate":"https://www.decoformasestilo.cl/?s={search_term_string}"},"query-input":{"@type":"PropertyValueSpecification","valueRequired":true,"valueName":"search_term_string"}}],"inLanguage":"es"}]}</script>
<!-- / Yoast SEO plugin. -->

Muebles de línea plana - Deco Formas

Deco Formas, Diseñamos y fabricamos muebles de línea plana personalizados, closets, muebles cocina, baño, dormitorio, escritorio, modulares o corporativo
